derivative of 0*n**3 + 0 + 0*n**2 - 7/12*n**4 - 1/120*n**5 - 1/720*n**6 - 3*n. Let v(j) be the third derivative of h(j). Calculate v(4).
-5
Let k(z) = -z**2 - 26*z + 21. Let u be k(-26). Let y(f) = 20 - u + 3*f**3 - 2*f - 4*f**3 - f**2. Calculate y(-1).
1
Let f(y) = y**3 - y**2 - 5*y + 6. Suppose -5*r - 6 = 2*i - 14, 0 = i - 2*r - 4. What is f(i)?
34
Let t(o) = o**3 + 7*o**2 + 2*o + 9. Let k(x) = 8*x. Let w be k(0). Suppose -2*v + 5*h + 1 = w, v + 10 = -0*h - h. What is t(v)?
-5
Let u = 157 + -160. Let d(a) = -a**3 - 2*a**2 + a + 3. Calculate d(u).
9
Suppose 5*l = -2*g + 17, -3*g - 4*l + 11 = 3. Let b(v) = -3 + 12*v - 10*v - 2. Determine b(g).
-13
Let r be ((-3)/(-24))/(-1)*-10*4. Let w(b) = b + 7. Calculate w(r).
12
Let k = -415 - -415. Let x(j) be the third derivative of -j**2 + 0*j**4 + k + 1/30*j**5 + 0*j + 1/6*j**3. What is x(-1)?
3
Let m(b) = 2*b - 11. Suppose a - 5*a - 20 = 5*d, a + 5 = 0. Give m(d).
-11
Let k(z) = 3*z**2 - 11*z - 4. Let s(c) = -8*c**2 + 24*c + 6. Let b(w) = 5*k(w) + 2*s(w). Give b(-7).
-8
Let r(c) = c**3 + 7*c**2 + 6*c - 3. Let z = 34 - 4. Suppose -3*i = -8*i - z. Determine r(i).
-3
Let q be (-4)/(-98)*7*14. Let l(x) be the first derivative of -7 + x**2 + 1/4*x**q + 5/3*x**3 + 0*x. Give l(-5).
-10
Let f(t) = -t**3 + 6*t**2 + 3*t - 34. Let g = -1322 + 1327. Calculate f(g).
6
Let f = -22 - -19. Let v(r) = -2*r. Let w be v(f). Suppose 18*c = 15*c + w. Let s(l) = l**2 - 5*l + 1. Determine s(c).
-5
Let d = -83/3 + 28. Let u(y) be the third derivative of 0*y + 1/2*y**3 - d*y**4 + 1/60*y**5 - 5*y**2 + 0. Calculate u(6).
-9
Let w(c) = c**3 - c. Let g(l) = l + 1. Let m(t) = -t - 5. Let o(h) = 4*g(h) + m(h). Let f(k) = -o(k) - 4*w(k). Give f(-1).
4
Let n be (-1 - -5)*-1 - -4. Let j be n*(-3)/(-6) + -11 + 10. Let d(v) = -12*v**2 + 1. What is d(j)?
-11
Let r(l) be the third derivative of l**5/60 + l**4/3 + 2*l**3/3 + 2*l**2 - 43*l. What is r(-6)?
-8
Let o(x) = x**3 + 7*x + 3. Let i(m) = 4*m - 1 - 4*m - 2*m + m. Let f(u) = 5*i(u) + o(u). Determine f(2).
10
Let k(c) = 3*c + 136 + 80 - 146 + 7*c. Calculate k(-7).
0
Let s(b) = 11*b**3 - b**2 + 5*b - 17. Let r(w) = 2*w**3 + w - 1. Let k(p) = 6*r(p) - s(p). Determine k(0).
11
Suppose 4*u + 3 = q + 1, 8 = -3*u + 4*q. Let h be 1/(-4)*(u - -4). Let t(g) = 22*g**2. Calculate t(h).
22
Suppose -2*l = -5*p + 50, 21 - 1 = 4*l. Suppose -3*d - d + p = 0. Let g be (-1*d)/(18/12). Let m(o) = 2*o**2 + 2*o + 3. Calculate m(g).
7
Let h(g) = -2*g**2 + 2*g + 1. Let c be ((-33)/(-99) + 8/(-6))*-2. Calculate h(c).
-3
Let r(w) = 2*w**3 - 4*w**2 - 6*w + 9. Suppose 63 = -10*c - 67. Let v(s) = s**3 - 2*s**2 - 3*s + 4. Let z(g) = c*v(g) + 6*r(g). Determine z(3).
2
Let z be 10*(5 - (-438)/(-90)). Let s(d) be the second derivative of 0 + 5*d + z*d**3 + 1/12*d**4 + 3*d**2. Calculate s(-7).
-1
Let w(k) = -9*k**2 + 5*k + 3. Let n(t) = -6*t**2 + 3*t + 2. Let c(h) = -8*n(h) + 5*w(h). Let d be c(1). Suppose d*a = -2*a - 5. Let g(s) = 4*s + 1. Give g(a).
-3
Let y be -60 - -60 - (-1 - 3/1). Let n(d) = 7*d - 3. What is n(y)?
25
Let h(d) = d**2 - 4. Let c(m) = 3*m**2 - m + 1. Let u be c(1). Suppose -u*w - 9 = 0, -12 = -b - w - 5. Suppose 4*t - 2*k = b, 0*k - 20 = 4*k. Give h(t).
-4
Let l(h) = -8*h**3 + 14*h**2 + 3*h + 45. Let d(j) = -3*j**3 + 5*j**2 + j + 16. Let q(n) = 11*d(n) - 4*l(n). Determine q(0).
-4
Let w(u) = u**2 - 16*u + 17. Let d be 126/6*(1 + (-3)/9). What is w(d)?
-11
Suppose -a + 10 = -2*j, -10 + 1 = -j - 3*a. Let m(h) be the second derivative of h**3/6 + 3*h**2 - h. Let y be m(j). Let g(n) = 6*n - 4. What is g(y)?
14
Let o = -52 - -26. Let u = o + 23. Let l(h) = 3*h + 4. Determine l(u).
-5
Let o(s) be the third derivative of 2*s**2 - 1/2*s**3 - 1/8*s**4 + 0 + 1/30*s**5 + 0*s. Let t(d) = -3*d**2 - 2*d - 1. Let j be t(-1). Determine o(j).
11
Let m(h) = -h**3 + 1 - 3 + 7*h**2 + 2*h**2 + 1. Calculate m(9).
-1
Let p(r) be the first derivative of 1/2*r**2 - 5 - r. Determine p(3).
2
Let x = 94 + -94. Suppose 2*h + 0 + 2 = x. Let u(y) = 7*y**3 - y**2 - 2*y - 1. What is u(h)?
-7
Let x = -120 + 117. Let p(n) = n**3 + 5*n**2 + 6*n - 1. What is p(x)?
-1
Let j(b) = -b**3 + 5*b**2 + 8*b - 12. Suppose 3*m - 3 = -3*l, -22*l = -5*m - 21*l + 35. Give j(m).
0
Let n(f) be the second derivative of -f**4/12 + f**3/6 + 3*f**2 + 17*f + 3. Give n(0).
6
Let o(h) = 13*h + 17. Let a(l) = -11*l - 16. Let v(k) = 4*a(k) + 3*o(k). Calculate v(0).
-13
Let i = 51 - 45. Let q(k) be the second derivative of -3/2*k**2 - k**3 + 1/12*k**4 - 7*k + 0. Determine q(i).
-3
Let u be -1*(4 - 2 - 5). Let k(m) = -3 - m - 5 + u + 3. Determine k(-4).
2
Let m(f) = -4*f**3 + f**2 + f + 2. Let t = 579 - 577. Calculate m(t).
-24
Let a(m) = 16*m**2 + 16*m - 11. Let j(o) = -3*o**2 - 3*o + 2. Let g be (-3)/(4/(8/3)). Let f(h) = g*a(h) - 11*j(h). Let z = 5383 - 5386. What is f(z)?
6
Let s(r) = 2*r**2 + 12*r + 4. Let j be s(-5). Let g(q) = 4*q + 3. Let h(i) = -i + 1. Let n(x) = g(x) + 2*h(x). Calculate n(j).
-7
Let z(g) be the second derivative of g**5/20 + 7*g**4/12 + g**3/6 + g**2/2 + g + 44. Calculate z(-7).
-6
Let k(s) = s**3 - 2*s**2 - 5*s - 1. Let m(u) = -2*u**3 + 3*u**2 + 11*u + 1. Let x(f) = 5*k(f) + 2*m(f). Let c = 27 - 23. Let a be 133/28 + 1/c. Calculate x(a).
7
Let m(d) = -7*d - 5. Let s(x) = -5 - 5 + 0*x + 11 + x. Let u(j) = m(j) + 6*s(j). Calculate u(3).
-2
Suppose 2 = 4*b - 3*b. Suppose -9*s - b*y = -10*s + 17, -4*s + 48 = -4*y. Let u(t) = 3*t - 4. Determine u(s).
17
Let v = 184 - 189. Let b(m) = 3*m - 1. Give b(v).
-16
Let b(o) = -5*o**2 - 4*o**3 + 0*o + 4*o + 3*o**3 - 6. Let x(f) = -f**2 - 27*f - 78. Let t be x(-3). Calculate b(t).
6
Let n be 1*2*(-171)/114. Let d(q) = -4 + 2*q - 4 + 2*q - 4*q**2. Let s(v) = 3*v**2 - 3*v + 7. Let a(p) = 4*d(p) + 5*s(p). Calculate a(n).
-9
Let v(s) = -s**2 + 11*s - 5. Suppose 5*d + 3*n - 65 = 0, 4*n = -26*d + 31*d - 30. Calculate v(d).
5
Let g(w) be the second derivative of w**4/8 + 3*w**3/2 + 15*w**2/2 - 18*w. Let y(m) be the first derivative of g(m). What is y(-6)?
-9
Let r(n) = 2*n**2 - 1. Let w be r(1). Let q(z) = -2*z + z**2 + z - w + 2*z**2. Let m(i) = i**3 + 33*i**2 + i + 32. Let k be m(-33). Give q(k).
3
Let v(a) = 4*a - 4. Let f(h) = 2*h - 2. Let t(i) = 5*i - 5. Let p(u) = 8*f(u) - 3*t(u). Let l(w) = 7*p(w) - 2*v(w). Let q = -10 + 9. Calculate l(q).
2
Let i(p) be the first derivative of -33 + 0*p + 1/2*p**2. What is i(-6)?
-6
Let k(a) = a**3 - 3*a**2 - 2*a - 3. Let o be k(4). Let n(v) = 9 + 8*v - 1 - o. Let x(w) = -2*w**2 - 3*w - 1. Let l be x(-2). Give n(l).
-21
Let y(h) = -h**2 - h - 1. Let w(u) be the third derivative of -u**6/120 + u**5/60 + u**4/8 + 8*u**3/3 - 15*u**2. Let x(t) = w(t) + 2*y(t). Determine x(0).
14
Let i(s) = -2*s - 8. Let m(n) = -4*n**3 + n**2 + 5*n - 7. Let o be m(1). Determine i(o).
2
Let u(m) be the first derivative of 2*m**3/3 + m**2/2 + m + 4. Suppose 2*k + 2*l = 2 + 10, -5*k = -5*l. Let v(a) = a**2 - 10. Let z be v(k). Give u(z).
2
Suppose 12*i = 3*i + 45. Let g(c) = c**2 - 6*c - 3. What is g(i)?
-8
Let m(l) = -251 + 493 - 271 + 2*l**2 - l**2 + 22*l. Determine m(-23).
-6
Suppose 5*p = -2 - 13. Let y(x) = -39*x**2 - 17*x**3 - 2 + 41*x**2 + 18*x**3. Determine y(p).
-11
Suppose 10*w = 6*w - 12. Let q(a) be the first derivative of 2*a**2 + 4*a + 12. Give q(w).
-8
Let t(n) = 11*n + 1. Let c be 56 + -57 - (-7 + -2)/3. Give t(c).
23
Let v(q) = q**2 - q - 2. Let o(h) = -3*h**2 + 7*h + 6. Let m(d) = o(d) + 4*v(d). Let l be ((-6)/8)/((-5)/40). Let r be ((-8)/(-10))/(l/(-45)). Determine m(r).
16
Let s(a) = -a**3 - 9*a**2 + 9*a - 9. Suppose 2*b - 2 = -4*y + 36, 85 = 5*y - 5*b. Suppose -2*v = y + 8. Calculate s(v).
1
Let s(p) = 3 - 1465*p**2 + p + 1467*p**2 - 4. Determine s(-2).
5
Let i(b) = 3*b + 45. Let m be i(-14). Suppose 3*k - 3*n = -7*n + 22, -2*k + 4*n = 12. Let o(x) = 3*x**2 + x**m - k + 3*x**3 - 2*x**3 - 3*x**3. Determine o(2).
2
Let q(r) = 12*r + 1. Let k be q(1). Suppose 12*x + 3 = k*x. Let o(b) = 3 + 1 + 2*b + 0*b**2 - 3*b**2 + b**3. What is o(x)?
10
Suppose -o = -h - 4, -h - 4 = -o + 2*h. Let y(w) be the second derivative of w**5/20 - 5*w**4/12 + w**3/3 + 9*w. Determine y(o).
-8
Let b(q) = q**2 - 9*q - 7. Suppose 4*s - 5*i - 36 = 0, -5*s + 5*i = -0*s - 45. Let u be b(s). Let x(f) = -f**3 - 6*f**2 + 6*f - 1. Determine x(u).
6
Let o(d) be the first derivative of d**3/3 + 5*d**2